of -2 + 9 + (29 - 42)?
-6
Calculate (-44 - 3 - -35) + 8.
-4
Evaluate -51 + 19 + 47 + -10.
5
What is (11 + -3 - (2 - -12)) + 2 + 4?
0
Calculate 36 - 69 - (-10 - -1).
-24
Evaluate 14 + -33 + 24 + -7 + -1.
-3
What is 161 - 161 - (4 - 1)?
-3
Evaluate -12 + 22 + 8 + -15.
3
What is the value of (-9 - ((4 - 0) + (13 - 14))) + 6?
-6
What is 1 + 4 + (-16 - -12) + 4 + -2?
3
Evaluate -4 - 1 - (-12 + 17 + -16).
6
Evaluate -1 + (1 - 6) - (-27 - -9 - -8).
4
Evaluate (3 + -5 - 23) + 14.
-11
Evaluate -6 - 32 - -7 - -5 - (-7 - -2).
-21
What is -2 - (10 - (-9 - -8 - -2 - -2))?
-9
What is the value of (-4 - (-2 + -5) - 6) + -5 - -4?
-4
75 - 77 - (-22 + (5 - (4 - 0)))
19
Evaluate 4 - ((3 - -2) + 22 - (-2 + 7)).
-18
-13 - (-7 + (-3 - 7))
4
-4 + 0 + (0 - (35 - 27))
-12
Evaluate 2 + 9 + (-2 - -4) - -2.
15
(-6 + -8 - -7 - (9 + -12)) + 5
1
Evaluate 2 + 5 + 0 + -36 + 29.
0
What is the value of 26 - 1 - (1174 - 1171)?
22
-64 + (18 - 62) + 84
-24
What is 6 - (20 - (2 - -20))?
8
What is the value of (22 - 25) + -16 + (2 - -21)?
4
Evaluate (-3 - (-11 - -7)) + -5 + (2 - 2).
-4
Evaluate 2 - 1 - (383 + -400 - (2 + -1)).
19
Calculate 2 + -1 - (-4 - 1) - (-7 + 5).
8
Calculate 5 - (1 - 10) - (29 - -9).
-24
Evaluate 10 - 1 - (29 + -11) - 4.
-13
Calculate 10 + -5 - -20 - (-4 - -16).
13
Calculate -4 - (-42 - -21) - -1.
18
What is the value of -406 - -405 - ((0 - -7) + 0) - -6?
-2
Evaluate -13 - (10 + -13 + -15).
5
What is 31 + -4 - ((-1 - -2) + 9)?
17
What is the value of -4 + (-2 - -17) + (-15 - -7) - -8?
11
Evaluate 25 - (-10 - (23 - 72)).
-14
What is 19 - (14 - 10) - (-12 - -13)?
14
What is the value of 55 + -60 + (0 - 0) + 2?
-3
What is the value of -18 - -1 - (-23 + 21 + -10 - -4)?
-9
Calculate -44 + 24 - -21 - (1 - -22).
-22
What is the value of -20 + 6 - (-5 + -18)?
9
Calculate -38 + 17 + (5 - (-2 + 5) - -2).
-17
What is 8 + 7 + (4 + -12 + 3 - 3)?
7
What is 16 + (31 - 41) + -16?
-10
What is 1 + -7 - (-23 + 10 - -21) - -2?
-12
Evaluate 22 + (5 - -1) + -4 + -4.
20
Calculate 11 + (10 - -1) + (-84 - -82).
20
Calculate -29 - (-5 + (-17 - -11)) - -8.
-10
45 + -119 + 28 + (2 - -1) - -3
-40
-1 + -7 + -1 - (-1099 - -1092)
-2
Calculate 3 + -3 + (12 - 29) + -2.
-19
Calculate 0 + 3 - -2 - (12 + -1 + 6).
-12
What is -6 - (30 - 41 - 10)?
15
Calculate 7 + -1 + 1 + (61 + -4 - 60).
4
Evaluate 69 - 80 - (-12 - 0) - -25.
26
What is the value of -3 - (9 - (21 + 3))?
12
Evaluate 8 + -18 - -7 - -4 - (-13 - -2).
12
Evaluate 6 + (-9 - (-5 - 6)).
8
Evaluate (1 - -1) + (-9 - (9 + -16 - -13)).
-13
Calculate -1 + 2 - (8 + -6).
-1
Calculate -116 + 108 + 4 + -8 + 1 + 35.
24
(1 - (10 - 4) - -19) + 4
18
1 - 15 - (-112 + 109)
-11
Calculate 3 - (3 + 0 + -46 + 36).
10
What is the value of (163 - 192) + (1 - -16)?
-12
What is -7 - 0 - (-97 - -87)?
3
What is the value of 9 - 1 - (-404 + 401)?
11
Evaluate -9 - ((1 - 3) + 8 - (-129 - -157)).
13
Evaluate 21 + -11 - 3 - 7 - (-1 - -13).
-12
What is -46 + 28 - (-2 + -2)?
-14
Calculate -746 + 761 + (-1 + 2 + 2 - 8).
10
What is -23 - -3 - -15 - (7 - 0)?
-12
Calculate -522 - -538 - (4 - 7).
19
Evaluate (-3 - 0) + 1 + 7 - (-13 + 20).
-2
3 + -9 + 2 + -100 + 114 - -9
19
What is the value of -21 + 26 + -1 + (2 - 2)?
4
What is -7 + (-1 - (-12 - -13)) - 6?
-15
What is 409 + -426 - (-33 - -2 - 0)?
14
What is the value of 4 - ((-4 - (-3 + -3)) + 1)?
1
(-24 - (5 + -67)) + -1 + -2
35
Evaluate (36 - 19) + (1 - 7) + 5 + 6.
22
6 + -22 + 107 + -89
2
Calculate 10 + -40 - -9 - (1 - (0 + -4)).
-26
Evaluate (-52 - -55) + (0 - -4) + 2 + -1.
8
What is -8 - (1 + 10 - (-2 + 7))?
-14
What is (0 - 15) + (-4 + 4 + 6 - 1)?
-10
0 + 15 + 0 - (65 - 60)
10
What is the value of (-6 + -8 - -14) + 7 + 12?
19
Evaluate 6 + -3 + 4 + -22 - (-3 - -13).
-25
-8 + 3 - (-14 - -4) - (8 - -2)
-5
Evaluate 27 + 17 + -41 + 17.
20
Calculate 9 + -29 + -4 + 15.
-9
-3 - (4 + 11 + -18)
0
What is -15 + (10 - -5) + -8?
-8
272 + -255 + -1 + 20 + (-2 - 0)
34
-9 - (8 - (8 + 5) - -7)
-11
What is the value of 5 - -1 - (31 + -28) - 2?
1
What is the value of 7 + (-8 - -2 - 5) + 16?
12
What is 60 - (13 - 2 - -20)?
29
18 + (-19 - -6 - 16) + 3
-8
What is 5 - (11 - 2) - (3 + -3 + 6)?
-10
What is the value of 0 + 9 - (3 - 6 - (-19 - -16))?
9
-11 + (-8 - -27 - -1) - -4
13
What is 6 - 4 - (-8 + 11)?
-1
(-1 - 0 - -5) + (162 - 156)
10
What is the value of (-2 - -15 - (2 - -4)) + -8 - 0?
-1
What is -1 - -7 - (-15 - (-12 - -1))?
10
Evaluate -22 - (-10 + 4 + 3 + -5).
-14
What is the value of 14 + -50 + 27 - (1 - -1 - 21)?
10
What is the value of 2 + 2 + (13 - (23 + 4))?
-10
Calculate (2 - (0 - 2)) + -19 + 20 + -13.
-8
What is the value of -18 - -12 - (71 - 71)?
-6
What is -5 + 6 - (1 + -2) - (-7 - -30)?
-21
What is 0 + (-6 - -6 - 4) + -9 + 2?
-11
-4 + -13 + 13 + -12 + -3
-19
What is (2 - 4 - 2) + 17 - 4 - -4?
13
What is the value of (42 - 36) + (-10 - (1 + -1 + -1))?
-3
What is the value of -7 + 0 + 0 - -11 - (4 + 4)?
-4
6 - (13 - 2 - 15)
10
Evaluate -1 + 5 - (63 - 69).
10
Calculate 66 + -74 + 1 + -6 + -10.
-23
Evaluate 3 + (-4 - -4) + -1 + (5 - 10).
-3
Calculate (-5 - (-17 + -3 - 7) - 3) + -4.
15
20 - (-16 + (23 - (-16 + 20)))
17
What is the value of (-6 + 12 - (-3 - 8)) + -4?
13
Evaluate 8 - (0 + -2 + (-43 - -46)) - -6.
13
What is 17 - ((8 + -9 - -8) + 3)?
7
What is 15 - (2 + 10) - (2 + -2 - -1)?
2
0 - (8 - (-13 + 22))
1
Calculate 2 - (3 + -2 + -15 + 22 - -17).
-23
Evaluate 11 + -14 + 6 - 7.
-4
Evaluate 0 + 8 + -1 + 11 + -33.
-15
Calculate 7 - (11 + -13 - -2 - 11).
18
What is the value of (-20 - -10) + 12 + 17?
19
(1 + -5 - 8) + (-95 - -122)
15
What is the value of 2 + ((7 - -10) + -9 - (10 + -2))?
2
Calculate 4 + -3 + 0 + 2.
3
-10 - -2 - ((7 - 11) + -11)
7
6 + (5 - -5) + -20 - 10
-14
What is the value of 7 - 2 - (1 - -4) - -1 - 2?
-1
Calculate (1 - -2) + 59 + -48 + 2.
16
Evaluate (-2 - (-5 + -9 + 5)) + 6.
13
Calculate -2 + (2 + 10 - -1 - 1).
10
Calculate (-10 + 36 - 5) + -43.
-22
4 + 10 + -29 + 38 + 9
32
What is 434 + -470 - (2 + -12)?
-26
What is the value of -15 - (-2 - (31 + -11))?
7
What is (-11 - -1) + 1 + -4 + (8 - 7)?
-12
-8 + ((-17 - -4) + 7 - (-2 - -6))
-18
What is 56 - (10 + 13 + -3)?
36
What is the value of 11 + 12 - (22 + -9)?
10
-2 + 0 + 0 + (-48 - (-116 + 62))
4
Evaluate 5 - 20 - (-6 - -5).
-14
Evaluate (-12 - 1) + -2 + -11 + (20 - 6).
-12
(12 - (14 + 18 + -19)) + (6 - 1)
4
What is the value of -6 + 14 - 25 - 2 - -18?
-1
Calculate (23 - 34) + 5 - (8 + 0) - 6.
-20
Calculate (3 - 1) + (52 - 80 - -51).
25
Calculate -655 + 664 - (0 + 20).
-11
Calculate 15 + 6 + (-13 - (13 - 22)).
17
5 - (3 - (1 + -1 + 5) - 1)
8
What is the value of (-16 - (4 - (11 + -1))) + 28?
18
1 + 1 - (-7 - (-10 + 8)) - 2
5
What is the value of -7 + (-15 - -9) - -5 - (2 - 1)?
-9
2 - 2 - (4 - (3 - 1 - 2))
-4
What is 5 - (9 + 9 + (6 - -1))?
-20
What is -4 + 29 + (-21 - -6)?
10
Calculate -2 + -10 + (16 - 0).
4
Evaluate (-3 - (-5 - ((-5 - -2) + 1))) + -16.
-16
Evaluate -34 + -9 + 13 + 25 + -8.
-13
2 + -9 - ((-3 - 3) + 0 - -5)
-6
What is the value of -11 - ((1 - 3) + (-22 - 1))?
14
What is (-3 - (1 + -1)) + 35 + -4 + -34?
-6
5 + 6 - (3 - 1) - (5 + 0)
4
What is the value of 3384 + -3345 + -2 + -1 + -1 + -1?
34
-40 + 47 + (3 - (1 - (0 + 1)))
10
-5 + 2 + 12 + 24 + -40
-7
What is 15 + -9 + (-4 - -15 - 11)?
6
-1 - 7 - (-241 + 227)
6
Calculate (9 - -22 - 42) + -5.
-16
Calculate 32 + (-11 + (10 - -11) - 8) - 8.
26
(-1 - 2) + 12 + -36 + 9 + 42
24
What is the value of -4 + 0 + (23 - 20) - -4?
3
What is (-44 - -14) + 21 - (2 + -6) - -40?
35
What is -23 - -3 - (-43 - -28) - (0 + -14)?
9
-19 - (-29 + 10 - (-24 - 13))
-37
What is (9 + 5 - 7 - 10) + -27 + 9?
-21
Calculate -20 + (19 - (-5 + 23)) + 5 + 0.
-14
Evaluate -2 + (13 + -22 - (1 + -8)).
-4
Calculate -2 + -1 + 74 + -59.
12
-12 + (7 - (-11 - -6)) + -1 + -2
-3
Evaluate (-14 + -3 - -24) + 3 + 1.
11
Evaluate -36 - (6 - -17 - 41).
-18
What is 18 + -2 + -176 + 169?
9
What is the value of -1557 - -1530 - (-14 - -1)?
-14
14 - (14 + -6 + 1 + 2)
3
What is the value of -190 + 184 + 2 + -8 + 0?
-12
Evaluate 15 + 0 - ((-3 - -20 - 1) + -4).
3
Evaluate -36 - (-58 + -5) - 20.
7
(8 - (-1 - -4)) + (53 - 55) - -7
10
What is the value of (-20 - (14 + -33)) + (-1 - 11 - -1)?
-12
What is the value of -2 + 1 + 24 + -19 - 3?
1
(6 - 6) + 7 + -15 + (-12 - 3)
-23
Evaluate -55 + 49 - (-9 + -5).
8
Calculate -3 + (6 - 8) + -4.
-9
What is -2 + -1